{"id":102,"date":"2026-02-16T00:51:41","date_gmt":"2026-02-16T00:51:41","guid":{"rendered":"https:\/\/livrachrono.fr\/?page_id=102"},"modified":"2026-04-19T22:35:00","modified_gmt":"2026-04-19T22:35:00","slug":"services","status":"publish","type":"page","link":"https:\/\/livrachrono.fr\/index.php\/services\/","title":{"rendered":"Services"},"content":{"rendered":"\t\t<div data-elementor-type=\"wp-page\" data-elementor-id=\"102\" class=\"elementor elementor-102\">\n\t\t\t\t<div class=\"elementor-element elementor-element-58eaaee e-con-full e-flex e-con e-parent\" data-id=\"58eaaee\" data-element_type=\"container\" data-e-type=\"container\">\n\t\t\t\t<div class=\"elementor-element elementor-element-e7368d8 elementor-widget elementor-widget-heading\" data-id=\"e7368d8\" data-element_type=\"widget\" data-e-type=\"widget\" data-widget_type=\"heading.default\">\n\t\t\t\t\t<h2 class=\"elementor-heading-title elementor-size-default\">Pourquoi nous choisir ?<\/h2>\t\t\t\t<\/div>\n\t\t\t\t<div class=\"elementor-element elementor-element-470ad34 elementor-widget elementor-widget-text-editor\" data-id=\"470ad34\" data-element_type=\"widget\" data-e-type=\"widget\" data-widget_type=\"text-editor.default\">\n\t\t\t\t\t\t\t\t\t<p data-start=\"548\" data-end=\"801\"><strong data-start=\"548\" data-end=\"563\">&nbsp;Livrachrono prend en charge l\u2019ensemble du processus, de la r\u00e9cup\u00e9ration des commandes \u00e0 leur livraison en v\u00e9lo triporteur. Chaque produit est soigneusement pr\u00e9lev\u00e9 et emball\u00e9 selon les bons de commande, puis livr\u00e9 en moyenne en moins de 30 minutes. Nous<br>assurons \u00e9galement la gestion des retours, dans le respect des conditions fix\u00e9es par les<br>distributeurs.<\/strong><\/p>\t\t\t\t\t\t\t\t<\/div>\n\t\t\t\t<div class=\"elementor-element elementor-element-7fb512b elementor-widget elementor-widget-heading\" data-id=\"7fb512b\" data-element_type=\"widget\" data-e-type=\"widget\" data-widget_type=\"heading.default\">\n\t\t\t\t\t<h2 class=\"elementor-heading-title elementor-size-default\">Comment cela fonctionne <\/h2>\t\t\t\t<\/div>\n\t\t\t\t<\/div>\n\t\t<div class=\"elementor-element elementor-element-913683e e-flex e-con-boxed e-con e-parent\" data-id=\"913683e\" data-element_type=\"container\" data-e-type=\"container\">\n\t\t\t\t\t<div class=\"e-con-inner\">\n\t\t\t\t<div class=\"elementor-element elementor-element-31fc14a elementor-widget elementor-widget-text-editor\" data-id=\"31fc14a\" data-element_type=\"widget\" data-e-type=\"widget\" data-widget_type=\"text-editor.default\">\n\t\t\t\t\t\t\t\t\t<p data-start=\"167\" data-end=\"244\">&nbsp;Nos personnels shoppers pr\u00e9parent les commandes directement dans les magasins de proximit\u00e9. Leur mission est de garantir une livraison efficace et conviviale, de maintenir un contact humain chaleureux et de faciliter le traitement des retours produits<\/p>\t\t\t\t\t\t\t\t<\/div>\n\t\t\t\t\t<\/div>\n\t\t\t\t<\/div>\n\t\t<div class=\"elementor-element elementor-element-108e901 e-flex e-con-boxed e-con e-parent\" data-id=\"108e901\" data-element_type=\"container\" data-e-type=\"container\">\n\t\t\t\t\t<div class=\"e-con-inner\">\n\t\t\t\t<div class=\"elementor-element elementor-element-0517437 elementor-widget elementor-widget-heading\" data-id=\"0517437\" data-element_type=\"widget\" data-e-type=\"widget\" data-widget_type=\"heading.default\">\n\t\t\t\t\t<h2 class=\"elementor-heading-title elementor-size-default\">Une logistique optimis\u00e9e<\/h2>\t\t\t\t<\/div>\n\t\t\t\t<div class=\"elementor-element elementor-element-b9ab78c elementor-widget elementor-widget-text-editor\" data-id=\"b9ab78c\" data-element_type=\"widget\" data-e-type=\"widget\" data-widget_type=\"text-editor.default\">\n\t\t\t\t\t\t\t\t\t<p>&nbsp;Gr\u00e2ce aux v\u00e9los triporteurs, nous r\u00e9duisons \u00e0 la fois les co\u00fbts de distribution et l\u2019impact environnemental. Ce mode de transport permet d\u2019acc\u00e9der facilement aux zones urbaines \u00e0 forte r\u00e9glementation. De plus, nous assurons une tra\u00e7abilit\u00e9 compl\u00e8te : les clients sont inform\u00e9s en temps r\u00e9el par SMS ou par e-mail et re\u00e7oivent un cr\u00e9neau de livraison pr\u00e9cis trente minutes avant l\u2019arriv\u00e9e de leur commande<\/p>\t\t\t\t\t\t\t\t<\/div>\n\t\t\t\t\t<\/div>\n\t\t\t\t<\/div>\n\t\t\t\t<\/div>\n\t\t","protected":false},"excerpt":{"rendered":"<p>Pourquoi nous choisir ? &nbsp;Livrachrono prend en charge l\u2019ensemble du processus, de la r\u00e9cup\u00e9ration des commandes \u00e0 leur livraison en [&hellip;]<\/p>\n","protected":false},"author":1,"featured_media":0,"parent":0,"menu_order":1,"comment_status":"closed","ping_status":"closed","template":"","meta":{"site-sidebar-layout":"no-sidebar","site-content-layout":"","ast-site-content-layout":"full-width-container","site-content-style":"default","site-sidebar-style":"default","ast-global-header-display":"","ast-banner-title-visibility":"","ast-main-header-display":"","ast-hfb-above-header-display":"","ast-hfb-below-header-display":"","ast-hfb-mobile-header-display":"","site-post-title":"","ast-breadcrumbs-content":"","ast-featured-img":"disabled","footer-sml-layout":"","ast-disable-related-posts":"","theme-transparent-header-meta":"","adv-header-id-meta":"","stick-header-meta":"","header-above-stick-meta":"","header-main-stick-meta":"","header-below-stick-meta":"","astra-migrate-meta-layouts":"default","ast-page-background-enabled":"default","ast-page-background-meta":{"desktop":{"background-color":"var(--ast-global-color-5)","background-image":"","background-repeat":"repeat","background-position":"center center","background-size":"auto","background-attachment":"scroll","background-type":"","background-media":"","overlay-type":"","overlay-color":"","overlay-opacity":"","overlay-gradient":""},"tablet":{"background-color":"","background-image":"","background-repeat":"repeat","background-position":"center center","background-size":"auto","background-attachment":"scroll","background-type":"","background-media":"","overlay-type":"","overlay-color":"","overlay-opacity":"","overlay-gradient":""},"mobile":{"background-color":"","background-image":"","background-repeat":"repeat","background-position":"center center","background-size":"auto","background-attachment":"scroll","background-type":"","background-media":"","overlay-type":"","overlay-color":"","overlay-opacity":"","overlay-gradient":""}},"ast-content-background-meta":{"desktop":{"background-color":"var(--ast-global-color-4)","background-image":"","background-repeat":"repeat","background-position":"center center","background-size":"auto","background-attachment":"scroll","background-type":"","background-media":"","overlay-type":"","overlay-color":"","overlay-opacity":"","overlay-gradient":""},"tablet":{"background-color":"var(--ast-global-color-4)","background-image":"","background-repeat":"repeat","background-position":"center center","background-size":"auto","background-attachment":"scroll","background-type":"","background-media":"","overlay-type":"","overlay-color":"","overlay-opacity":"","overlay-gradient":""},"mobile":{"background-color":"var(--ast-global-color-4)","background-image":"","background-repeat":"repeat","background-position":"center center","background-size":"auto","background-attachment":"scroll","background-type":"","background-media":"","overlay-type":"","overlay-color":"","overlay-opacity":"","overlay-gradient":""}},"footnotes":""},"class_list":["post-102","page","type-page","status-publish","hentry"],"_links":{"self":[{"href":"https:\/\/livrachrono.fr\/index.php\/wp-json\/wp\/v2\/pages\/102","targetHints":{"allow":["GET"]}}],"collection":[{"href":"https:\/\/livrachrono.fr\/index.php\/wp-json\/wp\/v2\/pages"}],"about":[{"href":"https:\/\/livrachrono.fr\/index.php\/wp-json\/wp\/v2\/types\/page"}],"author":[{"embeddable":true,"href":"https:\/\/livrachrono.fr\/index.php\/wp-json\/wp\/v2\/users\/1"}],"replies":[{"embeddable":true,"href":"https:\/\/livrachrono.fr\/index.php\/wp-json\/wp\/v2\/comments?post=102"}],"version-history":[{"count":75,"href":"https:\/\/livrachrono.fr\/index.php\/wp-json\/wp\/v2\/pages\/102\/revisions"}],"predecessor-version":[{"id":635,"href":"https:\/\/livrachrono.fr\/index.php\/wp-json\/wp\/v2\/pages\/102\/revisions\/635"}],"wp:attachment":[{"href":"https:\/\/livrachrono.fr\/index.php\/wp-json\/wp\/v2\/media?parent=102"}],"curies":[{"name":"wp","href":"https:\/\/api.w.org\/{rel}","templated":true}]}}